e j(2).
19
Let y(i) = -i - 13. Calculate y(-11).
-2
Let o(y) = -y**3 - 4*y**2 - 2*y - 3. Give o(-6).
81
Let b(v) = -v**2 - 9*v - 44. Calculate b(-11).
-66
Let f(l) = l**3 + 2*l**2 - 3*l - 10. What is f(4)?
74
Let f(h) = h**3 - 9*h**2 - 3*h + 2. What is f(9)?
-25
Let u(f) = -f**2 - 50*f - 398. Give u(-10).
2
Let r(q) = -2*q**2 + 6*q - 1. Give r(3).
-1
Let q(n) = -n**3 + 26*n**2 - n + 30. Give q(26).
4
Let q(r) = r**3 + 12*r**2 - 12*r + 11. Calculate q(-13).
-2
Let d(h) = h**2 + 18*h + 41. What is d(-12)?
-31
Let p(r) = 6*r + 10. Give p(1).
16
Let d(z) = -z**2 - 27*z - 43. Determine d(-26).
-17
Let x(z) = z**3 - 5*z**2 + 6*z - 1. Determine x(4).
7
Let h(q) = -7*q - 3. Determine h(-3).
18
Let w(g) = -2*g**2 + 7*g + 27. What is w(-4)?
-33
Let t(l) = -l**3 + 13*l**2 - 39*l - 4. What is t(8)?
4
Let p(w) = w**2 + 17*w + 56. Determine p(-12).
-4
Let h(l) = 4*l**2 + 3*l - 1. What is h(-3)?
26
Let l(y) = -14*y - 77. Determine l(-6).
7
Let j(w) = -w**3 + 6*w**2 + 9*w - 1. Calculate j(6).
53
Let b(v) = v**2 - 3*v. Give b(4).
4
Let t(n) = n**2 - 19*n + 9. Calculate t(10).
-81
Let m(j) = 2*j - 46. Determine m(22).
-2
Let c(a) = -a**3 + 12*a**2 + 2*a - 10. What is c(12)?
14
Let q(s) = s**3 - 16*s**2 + 13*s + 37. Give q(15).
7
Let r(y) = y**2 - 2*y - 13. Give r(7).
22
Let d(s) = -s**2 - 4*s + 1. Calculate d(-4).
1
Let j(g) = -g**3 + 4*g**2 + 1. Determine j(4).
1
Let q(f) = -f**2 + 35*f - 63. Calculate q(2).
3
Let m(v) = -v**3 - 13*v**2. Give m(-13).
0
Let t(c) = c**3 - 10*c**2 + 10*c - 9. Give t(9).
0
Let w(j) = 6*j - 7. Give w(5).
23
Let h(u) = -22*u - 349. Determine h(-15).
-19
Let z(u) = 49*u + 296. Determine z(-6).
2
Let k(u) = -u - 6. What is k(-3)?
-3
Let s(m) = m**3 + 10*m**2 + 12*m + 1. Give s(-9).
-26
Let s(c) = -c**2 - c + 6. Give s(-4).
-6
Let h(t) = -31*t**2 + 2. Give h(1).
-29
Let u(n) = 17*n - 39. Calculate u(3).
12
Let q(k) = -2*k - 16. Determine q(-9).
2
Let f(b) = 2*b**2 + 2*b - 8. Give f(-4).
16
Let o(h) = h**3 + 6*h**2 - 6*h - 4. Give o(-7).
-11
Let n(a) = -2*a**3 + 11*a**2 - 6*a. What is n(5)?
-5
Let s(k) = k**3 - 2*k**2 + 11*k - 13. Calculate s(6).
197
Let b(o) = -22*o**2 + 6*o - 1. Determine b(3).
-181
Let i(o) = -o - 6. Calculate i(-8).
2
Let x(s) = -2*s**3 + 8*s**2 - 12*s + 9. Give x(3).
-9
Let h(w) = w**3 - w**2 + 2*w + 5. Give h(0).
5
Let p(w) = 27*w - 20. Determine p(4).
88
Let m(z) = -29*z**2 + 2*z - 8. Determine m(3).
-263
Let m(c) = c. Determine m(1).
1
Let i(v) = v**3 + 9*v**2 - 11*v - 12. Give i(-10).
-2
Let s(q) = 7*q - 4. Give s(6).
38
Let b(w) = 4*w + 23. What is b(-7)?
-5
Let i(h) = -h**3 - 40*h**2 + 2*h + 88. Calculate i(-40).
8
Let n(y) = 7*y**3 - 4*y**2 + 5*y - 1. Determine n(2).
49
Let q(a) = a**2 - 10*a - 20. What is q(11)?
-9
Let i(s) = -3*s**2 + 7*s - 8. Determine i(2).
-6
Let v(x) = -2*x - 45. Determine v(-19).
-7
Let h(l) = l**2 - l + 13. Determine h(0).
13
Let k(f) = -5*f**2 + 2*f + 3. Calculate k(-2).
-21
Let a(w) = 6*w - 36. Give a(5).
-6
Let b(y) = 17*y - 20. Give b(2).
14
Let q(d) = d**2 - 8*d - 22. What is q(11)?
11
Let p(u) = -u**3 + 25*u**2 + 25*u + 17. Determine p(26).
-9
Let d(a) = 33*a - 199. Calculate d(6).
-1
Let p(w) = -7*w - 382. What is p(-53)?
-11
Let x(m) = 3*m**2 + m - 8. What is x(-3)?
16
Let d(x) = -2*x**3 - 15*x**2 - 12*x - 2. What is d(-6)?
-38
Let x(f) = 10*f + 9. Give x(7).
79
Let h(m) = 7*m**2 + 4*m - 1. Calculate h(-4).
95
Let h(p) = -p**3 + 12*p**2 - 13*p + 24. Give h(11).
2
Let s(r) = -r**2 + 23*r + 75. Determine s(26).
-3
Let h(t) = -t**3 - 9*t**2 - 12*t - 17. Determine h(-8).
15
Let t(j) = -j**3 + 2*j**2 + 2*j - 4. What is t(2)?
0
Let g(m) = m**3 - 29*m**2 - 94*m - 65. Determine g(32).
-1
Let n(w) = w**3 + 6*w**2 + 10*w + 7. What is n(-5)?
-18
Let m(d) = 35*d - 130. Calculate m(4).
10
Let d(g) = 8*g + 334. Calculate d(-42).
-2
Let l(k) = k + 8. Give l(-3).
5
Let h(c) = 2*c - 5. What is h(1)?
-3
Let w(v) = -13*v**2 + 8. What is w(-3)?
-109
Let t(v) = 3*v - 21. Determine t(9).
6
Let u(r) = 2*r**2 - 3*r + 5. Calculate u(2).
7
Let h(r) = 126*r - 885. Determine h(7).
-3
Let b(d) = d**2 + 17*d - 25. What is b(-17)?
-25
Let d(z) = -z**2 + 25*z - 49. Give d(24).
-25
Let q(y) = y**3 - 10*y**2 + 17*y. What is q(8)?
8
Let x(c) = 9*c - 45. Give x(18).
117
Let t(h) = -2*h**2 + 4*h - 5. Determine t(5).
-35
Let m(w) = -2*w**3 - 5*w**2 + 5*w + 4. What is m(-4)?
32
Let l(c) = -c - 6. Give l(-16).
10
Let j(k) = -k**3 + 6*k**2 + 21*k - 31. Determine j(8).
9
Let k(f) = 4*f**3 - 48*f**2 - 2*f + 30. Give k(12).
6
Let d(m) = -m**2 + 7*m - 5. What is d(5)?
5
Let m(h) = -h**3 - 4*h**2 - 3*h - 39. What is m(-5)?
1
Let i(u) = 7*u - 6. Give i(-2).
-20
Let f(c) = -c**3 + 2*c**2 + 8*c + 6. Determine f(-2).
6
Let l(v) = 34*v + 35. Determine l(3).
137
Let z(g) = -g**3 + 5*g**2 + 8*g - 2. Determine z(6).
10
Let a(h) = -4*h**2 - 7*h + 6. Determine a(2).
-24
Let v(m) = m**3 + 10*m**2 + 27*m + 13. Determine v(-5).
3
Let q(k) = -k**3 - 11*k**2 - 2. What is q(-11)?
-2
Let j(f) = -f**3 + 6*f**2 - 2*f - 5. Give j(4).
19
Let y(x) = 4*x**2 + 5*x + 7. Determine y(-5).
82
Let v(i) = i**3 + 7*i**2 - 14*i - 5. What is v(-6)?
115
Let i(q) = -78*q**3 + 5*q**2 - q - 3. What is i(1)?
-77
Let m(h) = h**3 - 10*h**2 + 4*h + 4. Give m(9).
-41
Let j(n) = -35*n + 133. Determine j(4).
-7
Let u(l) = l**2 + 2*l. Determine u(7).
63
Let v(x) = 2*x**2 + x + 1. Calculate v(-1).
2
Let m(t) = 3*t + 15. Give m(-12).
-21
Let k(z) = 2*z**3 + z + 18. What is k(0)?
18
Let r(j) = j**3 + 8*j**2 + 9*j - 15. What is r(-6)?
3
Let j(k) = k**2 + 2*k + 1. Determine j(4).
25
Let h(z) = -2*z**2 - 10*z - 12. Give h(-11).
-144
Let p(v) = 2*v**2 - 34*v - 19. What is p(18)?
17
Let r(x) = 2*x**2 + 21*x + 14. Determine r(-10).
4
Let v(q) = -q**3 - 5*q**2 + 3*q + 4. What is v(-4)?
-24
Let o(v) = -12*v**2 + 3. Calculate o(3).
-105
Let b(i) = -i**2 + 13*i. Calculate b(13).
0
Let l(h) = -h**3 + 12*h**2 - 17*h + 16. What is l(11)?
-50
Let m(w) = 4*w + 35. What is m(-10)?
-5
Let x(i) = -i + 41. Determine x(39).
2
Let o(w) = -7*w**2 - 10*w - 2. Give o(-2).
-10
Let v(z) = z**3 + 15*z**2 + 17*z + 7. What is v(-14)?
-35
Let x(m) = -m**2 + 9*m + 25. Give x(11).
3
Let w(m) = -m**2 + 11*m - 6. Give w(12).
-18
Let q(m) = -2*m**2 + 22*m - 29. Determine q(10).
-9
Let k(l) = -2*l**3 - 9*l**2 + 19*l - 11. What is k(-6)?
-17
Let p(x) = -3*x - 1. Calculate p(3).
-10
Let r(s) = -s**3 - s**2 + s + 1. What is r(-1)?
0
Let u(z) = 227*z - 2272. What is u(10)?
-2
Let x(t) = 8*t + 4. Determine x(2).
20
Let a(h) = -3*h - 25. Determine a(-11).
8
Let l(z) = 8*z**2 + 3*z - 10. Calculate l(2).
28
Let d(s) = -5*s - 51. Give d(-10).
-1
Let w(b) = -2*b**3 + 13*b**2 + 5*b + 10. What is w(7)?
-4
Let g(a) = a**2 - a - 1. What is g(5)?
19
Let y(l) = -11*l - 397. Give y(-35).
-12
Let p(o) = 3*o - 63. Determine p(21).
0
Let w(z) = -z**3 - z**2 + 2*z + 3. Give w(-2).
3
Let r(i) = -10*i + 155. Give r(15).
5
Let y(s) = -s**3 - 9*s**2 - 10*s - 3. What is y(-8)?
13
Let d(o) = 28*o - 97. What is d(4)?
15
Let p(i) = 11*i**2 + i - 1. What is p(-2)?
41
Let p(x) = -8*x - 21. Calculate p(-5).
19
Let f(z) = -z**3 + 12*z**2 - 12*z - 6. Calculate f(11).
-17
Let d(p) = p**3 + 6*p**2 + 2*p + 13. What is d(-6)?
1
Let l(m) = -m**2 - 20*m + 9. Calculate l(-19).
28
Let q(v) = 2*v**2 - 4*v + 2. Give q(4).
18
Let y(h) = -h**3 - 10*h**2 - 8*h + 5. Calculate y(-9).
-4
Let r(u) = -u**2 - 22*u - 90. What is r(-17)?
-5
Let d(j) = -j**3 + 6*j**2 - 2*j + 7. Calculate d(5).
22
Let w(s) = s**3 + 5*s**2 + s - 10. What is w(-3)?
5
Let o(s) = -s**2 - 5*s + 13. Calculate o(-6).
7
Let j(k) = -k**3 + 6*k**2 + 10*k + 2. Give j(7).
23
Let l(p) = p**3 + 11*p**2 - 12*p - 1. Calculate l(-12).
-1
Let p(g) = -g**2 + 10*g - 17. Calculate p(12).
-41
Let k(g) = 2*g**2 - 16*g - 5. Give k(8).
-5
Let u(c) = -73*c + 2624. Determine u(36).
-4
Let g(q) = -q**3 - 15*q**2 + 3*q + 2. Determine g(-15).
-43
Let w(r) = 2*r**3 + 14*r**2 - r - 10. Give w(-7).
-3
Let u(j) = 8*j - 38. Give u(4).
-6
Let z(v) = v**3 - 2*v + 6. Calculate z(-3).
-15
Let m(l) = l**2 + 6*l - 2. What is m(-7)?
5
Let f(h) = -15*h + 19. Determine f(-8).
139
Let q(f) = 9*f + 49. Determine q(-5).
4
Let m(u) = 4*u - 3. Determine m(-5).
-23
Let o(b) = b**2 + 4*b - 17. What is o(-6)?
-5
Let f(b) = b**2 + 4*b + 18. What is f(-4)?
18
Let x(h) = -h**3 + 7*h**2 + 8*h - 7. Determine x(8).
-7
Let s(c) 